ghest common factor of 17485 and 65.
65
Calculate the greatest common divisor of 129 and 9.
3
What is the greatest common divisor of 3626 and 49?
49
What is the greatest common divisor of 39 and 65?
13
Calculate the highest common factor of 4607 and 85.
17
What is the highest common divisor of 13 and 208?
13
What is the greatest common divisor of 4 and 86?
2
Calculate the highest common divisor of 114 and 1064.
38
What is the greatest common factor of 432 and 96?
48
Calculate the highest common factor of 459 and 7650.
153
Calculate the highest common divisor of 32 and 20.
4
Calculate the highest common divisor of 87 and 3567.
87
Calculate the highest common factor of 60 and 135.
15
Calculate the greatest common factor of 1364 and 3844.
124
Calculate the greatest common factor of 1900 and 540.
20
Calculate the greatest common factor of 332 and 415.
83
Calculate the greatest common divisor of 340 and 136.
68
What is the highest common divisor of 27 and 34479?
27
What is the greatest common divisor of 4518 and 54?
18
Calculate the greatest common divisor of 9 and 1359.
9
What is the greatest common divisor of 19 and 589?
19
Calculate the greatest common divisor of 910 and 175.
35
What is the highest common factor of 1869 and 105?
21
Calculate the greatest common factor of 67 and 1072.
67
What is the greatest common factor of 14 and 14?
14
Calculate the highest common divisor of 888 and 48.
24
What is the greatest common divisor of 23 and 529?
23
What is the highest common factor of 1144 and 22?
22
Calculate the greatest common divisor of 133 and 1197.
133
What is the greatest common divisor of 365 and 135?
5
Calculate the highest common factor of 184 and 69.
23
Calculate the highest common divisor of 93 and 74121.
93
What is the greatest common factor of 200 and 1125?
25
What is the greatest common divisor of 60 and 192?
12
What is the greatest common factor of 93 and 9?
3
What is the greatest common divisor of 215 and 25?
5
What is the greatest common divisor of 142 and 2?
2
Calculate the greatest common factor of 988 and 1216.
76
Calculate the highest common factor of 3546 and 36.
18
Calculate the highest common factor of 369 and 585.
9
What is the highest common divisor of 820 and 20?
20
What is the highest common divisor of 396 and 936?
36
Calculate the greatest common factor of 10956 and 132.
132
Calculate the highest common factor of 9 and 3015.
9
What is the greatest common divisor of 768 and 3?
3
Calculate the highest common divisor of 14 and 4438.
14
What is the highest common factor of 64 and 800?
32
What is the greatest common factor of 216 and 104?
8
Calculate the greatest common factor of 343 and 196.
49
What is the greatest common divisor of 1 and 1?
1
Calculate the greatest common factor of 2240 and 400.
80
What is the highest common factor of 82 and 13?
1
What is the highest common factor of 2404 and 4?
4
Calculate the highest common factor of 1119 and 6.
3
Calculate the greatest common divisor of 12 and 36.
12
What is the greatest common factor of 450 and 4?
2
What is the greatest common divisor of 11 and 913?
11
What is the greatest common factor of 24 and 3592?
8
What is the highest common factor of 6 and 608?
2
What is the greatest common divisor of 70 and 13265?
35
What is the highest common divisor of 2601 and 323?
17
What is the greatest common factor of 90 and 3010?
10
What is the highest common factor of 25 and 415?
5
Calculate the highest common divisor of 1839 and 51.
3
What is the highest common factor of 35 and 63?
7
Calculate the greatest common factor of 24 and 4140.
12
What is the highest common factor of 442 and 26?
26
What is the greatest common factor of 99 and 22?
11
What is the greatest common divisor of 462 and 1122?
66
Calculate the greatest common divisor of 270 and 486.
54
What is the highest common factor of 5644 and 272?
68
What is the greatest common divisor of 1859 and 104?
13
What is the highest common divisor of 74 and 10397?
37
Calculate the greatest common divisor of 8 and 40.
8
Calculate the greatest common divisor of 40 and 12.
4
What is the highest common divisor of 73 and 292?
73
Calculate the highest common divisor of 232 and 87.
29
What is the greatest common divisor of 7 and 427?
7
Calculate the greatest common divisor of 13 and 403.
13
What is the highest common divisor of 2160 and 880?
80
Calculate the greatest common divisor of 1946 and 42.
14
What is the highest common factor of 7 and 161?
7
Calculate the greatest common divisor of 60 and 50.
10
Calculate the greatest common divisor of 132 and 13288.
44
What is the highest common factor of 1 and 151?
1
What is the highest common divisor of 73 and 21535?
73
What is the greatest common factor of 8430 and 90?
30
Calculate the highest common factor of 132 and 594.
66
What is the highest common factor of 88 and 352?
88
Calculate the highest common divisor of 3658 and 354.
118
What is the highest common factor of 128 and 496?
16
Calculate the greatest common divisor of 132 and 228.
12
Calculate the greatest common divisor of 1992 and 24.
24
Calculate the highest common divisor of 104 and 299.
13
What is the highest common factor of 240 and 2055?
15
Calculate the highest common divisor of 2166 and 570.
114
What is the highest common factor of 300 and 4?
4
What is the greatest common factor of 63 and 72?
9
What is the highest common factor of 1159 and 1769?
61
Calculate the greatest common factor of 292 and 219.
73
What is the highest common factor of 5500 and 132?
44
Calculate the highest common factor of 609 and 348.
87
Calculate the greatest common divisor of 9 and 639.
9
Calculate the highest common divisor of 30 and 790.
10
Calculate the greatest common factor of 30 and 750.
30
What is the greatest common factor of 18 and 258?
6
Calculate the highest common divisor of 5918 and 44.
22
Calculate the greatest common factor of 485 and 1552.
97
Calculate the greatest common factor of 1224 and 144.
72
What is the greatest common divisor of 6298 and 94?
94
Calculate the highest common divisor of 41 and 41.
41
What is the greatest common factor of 689 and 583?
53
What is the greatest common divisor of 304 and 171?
19
What is the highest common factor of 15092 and 14?
14
Calculate the greatest common divisor of 553 and 4582.
79
What is the greatest common divisor of 460 and 140?
20
What is the greatest common factor of 16 and 536?
8
Calculate the greatest common factor of 56 and 41048.
56
Calculate the highest common divisor of 4332 and 12.
12
Calculate the greatest common divisor of 603 and 81.
9
What is the greatest common factor of 37 and 9435?
37
What is the greatest common factor of 121 and 132?
11
What is the greatest common divisor of 672 and 1632?
96
Calculate the greatest common divisor of 174 and 12644.
58
Calculate the greatest common factor of 3836 and 28.
28
Calculate the greatest common factor of 155 and 12803.
31
Calculate the highest common factor of 247 and 361.
19
What is the greatest common factor of 6912 and 108?
108
Calculate the highest common divisor of 76 and 342.
38
What is the highest common divisor of 656 and 8?
8
What is the highest common factor of 624 and 117?
39
What is the greatest common divisor of 4004 and 56?
28
What is the greatest common factor of 736 and 782?
46
What is the greatest common divisor of 520 and 130?
130
Calculate the highest common divisor of 441 and 539.
49
What is the greatest common divisor of 37306 and 92?
46
What is the highest common divisor of 616 and 952?
56
What is the greatest common factor of 6147 and 27?
9
Calculate the greatest common factor of 944 and 59.
59
Calculate the greatest common factor of 64 and 72.
8
Calculate the greatest common factor of 203 and 87.
29
What is the greatest common factor of 560 and 105?
35
Calculate the highest common divisor of 24 and 180.
12
Calculate the greatest common divisor of 35880 and 117.
39
What is the greatest common divisor of 282 and 2?
2
What is the highest common divisor of 580 and 100?
20
What is the greatest common divisor of 2 and 250?
2
What is the highest common factor of 46 and 2?
2
Calculate the highest common factor of 136 and 391.
17
What is the highest common factor of 5536 and 64?
32
What is the greatest common divisor of 493